{"id":149,"date":"2014-01-21T22:00:15","date_gmt":"2014-01-21T20:00:15","guid":{"rendered":"http:\/\/www2169.vu.lt\/?page_id=149"},"modified":"2024-02-24T11:02:32","modified_gmt":"2024-02-24T09:02:32","slug":"administracija","status":"publish","type":"page","link":"https:\/\/www.baisogalosmd.radviliskis.lm.lt\/?page_id=149","title":{"rendered":"Administracija"},"content":{"rendered":"<h1><span style=\"font-family: times new roman,times; font-size: medium;\"><strong>Direktor\u0117 :<\/strong><\/span><\/h1>\n<p>Au\u0161ra Krugelien\u0117<\/p>\n<p>el.p. akrugeliene@gmail.com<\/p>\n<p>tel. +370-601-75018<\/p>\n<h1><span style=\"font-family: times new roman,times; font-size: medium;\"><strong>Direktoriaus pavaduotoja ugdymui:<\/strong><\/span><\/h1>\n<p><span style=\"font-family: times new roman,times; font-size: medium;\">Gra\u017eina Areli\u016bnien\u0117<\/span><\/p>\n<p>II vadybin\u0117 kategorija<\/p>\n<p><span style=\"font-family: times new roman,times; font-size: medium;\">el.p. arelgra@gmail.com<\/span><\/p>\n<p><span style=\"font-family: times new roman,times; font-size: medium;\">tel. +370-682-33602<\/span><\/p>\n<h1><span style=\"font-family: times new roman,times; font-size: medium;\"><strong>Direktoriaus pavaduotoja \u016bkio reikalams:<\/strong><\/span><\/h1>\n<p><span style=\"font-family: times new roman,times; font-size: medium;\">Alma \u010cepien\u0117<\/span><\/p>\n<p><span style=\"font-family: times new roman,times; font-size: medium;\">tel. +370-614-01725<\/span><\/p>\n<h1><span style=\"font-family: times new roman,times; font-size: medium;\"><strong>Direktoriaus pavaduotoja ugdymui Pakir\u0161inio skyriuje:<\/strong><\/span><\/h1>\n<p><span style=\"font-family: times new roman,times; font-size: medium;\">Gintar\u0117 Pu\u017eauskien\u0117<\/span><\/p>\n<p>III vadybin\u0117 kategorija<\/p>\n<p><span style=\"font-family: times new roman,times; font-size: medium;\">el.p. pakirsinio.mokykla@takas.lt\\<\/span><\/p>\n<p>tel. +370-612-73042<\/p>\n","protected":false},"excerpt":{"rendered":"<p>Direktor\u0117 : Au\u0161ra Krugelien\u0117 el.p. akrugeliene@gmail.com tel. +370-601-75018 Direktoriaus pavaduotoja ugdymui: Gra\u017eina Areli\u016bnien\u0117 II vadybin\u0117 kategorija el.p. arelgra@gmail.com tel. +370-682-33602 Direktoriaus pavaduotoja \u016bkio reikalams: Alma \u010cepien\u0117 tel. +370-614-01725 Direktoriaus pavaduotoja ugdymui Pakir\u0161inio skyriuje: Gintar\u0117 Pu\u017eauskien\u0117 III vadybin\u0117 kategorija el.p. pakirsinio.mokykla@takas.lt\\ tel. +370-612-73042<\/p>\n","protected":false},"author":1,"featured_media":0,"parent":138,"menu_order":0,"comment_status":"closed","ping_status":"closed","template":"","meta":{"ngg_post_thumbnail":0,"footnotes":""},"class_list":["post-149","page","type-page","status-publish","hentry"],"_links":{"self":[{"href":"https:\/\/www.baisogalosmd.radviliskis.lm.lt\/index.php?rest_route=\/wp\/v2\/pages\/149","targetHints":{"allow":["GET"]}}],"collection":[{"href":"https:\/\/www.baisogalosmd.radviliskis.lm.lt\/index.php?rest_route=\/wp\/v2\/pages"}],"about":[{"href":"https:\/\/www.baisogalosmd.radviliskis.lm.lt\/index.php?rest_route=\/wp\/v2\/types\/page"}],"author":[{"embeddable":true,"href":"https:\/\/www.baisogalosmd.radviliskis.lm.lt\/index.php?rest_route=\/wp\/v2\/users\/1"}],"replies":[{"embeddable":true,"href":"https:\/\/www.baisogalosmd.radviliskis.lm.lt\/index.php?rest_route=%2Fwp%2Fv2%2Fcomments&post=149"}],"version-history":[{"count":9,"href":"https:\/\/www.baisogalosmd.radviliskis.lm.lt\/index.php?rest_route=\/wp\/v2\/pages\/149\/revisions"}],"predecessor-version":[{"id":11654,"href":"https:\/\/www.baisogalosmd.radviliskis.lm.lt\/index.php?rest_route=\/wp\/v2\/pages\/149\/revisions\/11654"}],"up":[{"embeddable":true,"href":"https:\/\/www.baisogalosmd.radviliskis.lm.lt\/index.php?rest_route=\/wp\/v2\/pages\/138"}],"wp:attachment":[{"href":"https:\/\/www.baisogalosmd.radviliskis.lm.lt\/index.php?rest_route=%2Fwp%2Fv2%2Fmedia&parent=149"}],"curies":[{"name":"wp","href":"https:\/\/api.w.org\/{rel}","templated":true}]}}