{"id":161,"date":"2014-01-21T22:05:44","date_gmt":"2014-01-21T20:05:44","guid":{"rendered":"http:\/\/www2169.vu.lt\/?page_id=161"},"modified":"2025-10-21T13:38:32","modified_gmt":"2025-10-21T10:38:32","slug":"visuomenes-sveikatos-prieziuros-specialistas","status":"publish","type":"page","link":"https:\/\/www.baisogalosmd.radviliskis.lm.lt\/?page_id=161","title":{"rendered":"Pagalbos mokiniui specialistai"},"content":{"rendered":"<h3><a href=\"https:\/\/www.baisogalosmd.radviliskis.lm.lt\/wp-content\/uploads\/2025\/10\/Spec.pagalbos-darbo-laikas-25-26-tvirtinimui.pdf\" target=\"_blank\" rel=\"noopener\">PAGALBOS VAIKUI SPECIALIST\u0172 DARBO LAIKAS<\/a><\/h3>\n<h3><a href=\"https:\/\/www.baisogalosmd.radviliskis.lm.lt\/wp-content\/uploads\/2024\/11\/Mokinio-padejeju-tvark.25-TVIRT.pdf\" target=\"_blank\" rel=\"noopener\">MOKYTOJ\u0172 PAD\u0116J\u0116J\u0172 DARBO LAIKAS<\/a><\/h3>\n<h3><a href=\"https:\/\/www.baisogalosmd.radviliskis.lm.lt\/wp-content\/uploads\/2025\/10\/T.grazinos-25-26.pdf\" target=\"_blank\" rel=\"noopener\">SPEC PEGAGOGO (TAMULIONIEN\u0116S) DARBO LAIKAS&nbsp;<\/a><\/h3>\n<h3><a href=\"https:\/\/www.baisogalosmd.radviliskis.lm.lt\/wp-content\/uploads\/2025\/10\/zaromsk.-aukselienes-25-26.pdf\" target=\"_blank\" rel=\"noopener\">SPEC PEGAGOGO (\u017dAROMSKIEN\u0116S)&nbsp; IR lOGOPED\u0116S (AUKSELIEN\u0116S) DARBO LAIKAS&nbsp;<\/a><\/h3>\n<h3><a href=\"https:\/\/www.baisogalosmd.radviliskis.lm.lt\/wp-content\/uploads\/2025\/10\/soc-pedagoges-tvarkarastis-25-26-tvirt.pdf\" target=\"_blank\" rel=\"noopener\">SOCIALIN\u0116S PEDAGOG\u0116S (BA\u0160INSKAIT\u0116S) DARBO LAIKAS&nbsp;<\/a><\/h3>\n<h3><a href=\"https:\/\/www.baisogalosmd.radviliskis.lm.lt\/wp-content\/uploads\/2025\/10\/Loretos-Krugelienes-25-26.pdf\" target=\"_blank\" rel=\"noopener\">LOGOPED\u0116S (KRUGELIEN\u0116S) DARBO LAIKAS&nbsp;<\/a><\/h3>\n<h3><a href=\"https:\/\/www.baisogalosmd.radviliskis.lm.lt\/wp-content\/uploads\/2025\/10\/25-26-AUKLETOJU-DARBO-GRAFIKAS.pdf\" target=\"_blank\" rel=\"noopener\"><strong><span style=\"color: #0000ff;\">AUKL\u0116TOJ\u0172 DARBO LAIKAS<\/span><\/strong><\/a><\/h3>\n<p>&nbsp;<\/p>\n<p>&nbsp;<\/p>\n","protected":false},"excerpt":{"rendered":"<p>PAGALBOS VAIKUI SPECIALIST\u0172 DARBO LAIKAS MOKYTOJ\u0172 PAD\u0116J\u0116J\u0172 DARBO LAIKAS SPEC PEGAGOGO (TAMULIONIEN\u0116S) DARBO LAIKAS&nbsp; SPEC PEGAGOGO (\u017dAROMSKIEN\u0116S)&nbsp; IR lOGOPED\u0116S (AUKSELIEN\u0116S) DARBO LAIKAS&nbsp; SOCIALIN\u0116S PEDAGOG\u0116S (BA\u0160INSKAIT\u0116S) DARBO LAIKAS&nbsp; LOGOPED\u0116S (KRUGELIEN\u0116S) DARBO LAIKAS&nbsp; AUKL\u0116TOJ\u0172 DARBO LAIKAS &nbsp; &nbsp;<\/p>\n","protected":false},"author":1,"featured_media":0,"parent":138,"menu_order":0,"comment_status":"closed","ping_status":"closed","template":"","meta":{"ngg_post_thumbnail":0,"footnotes":""},"class_list":["post-161","page","type-page","status-publish","hentry"],"_links":{"self":[{"href":"https:\/\/www.baisogalosmd.radviliskis.lm.lt\/index.php?rest_route=\/wp\/v2\/pages\/161","targetHints":{"allow":["GET"]}}],"collection":[{"href":"https:\/\/www.baisogalosmd.radviliskis.lm.lt\/index.php?rest_route=\/wp\/v2\/pages"}],"about":[{"href":"https:\/\/www.baisogalosmd.radviliskis.lm.lt\/index.php?rest_route=\/wp\/v2\/types\/page"}],"author":[{"embeddable":true,"href":"https:\/\/www.baisogalosmd.radviliskis.lm.lt\/index.php?rest_route=\/wp\/v2\/users\/1"}],"replies":[{"embeddable":true,"href":"https:\/\/www.baisogalosmd.radviliskis.lm.lt\/index.php?rest_route=%2Fwp%2Fv2%2Fcomments&post=161"}],"version-history":[{"count":58,"href":"https:\/\/www.baisogalosmd.radviliskis.lm.lt\/index.php?rest_route=\/wp\/v2\/pages\/161\/revisions"}],"predecessor-version":[{"id":13391,"href":"https:\/\/www.baisogalosmd.radviliskis.lm.lt\/index.php?rest_route=\/wp\/v2\/pages\/161\/revisions\/13391"}],"up":[{"embeddable":true,"href":"https:\/\/www.baisogalosmd.radviliskis.lm.lt\/index.php?rest_route=\/wp\/v2\/pages\/138"}],"wp:attachment":[{"href":"https:\/\/www.baisogalosmd.radviliskis.lm.lt\/index.php?rest_route=%2Fwp%2Fv2%2Fmedia&parent=161"}],"curies":[{"name":"wp","href":"https:\/\/api.w.org\/{rel}","templated":true}]}}