{"id":639,"date":"2014-04-29T12:01:49","date_gmt":"2014-04-29T09:01:49","guid":{"rendered":"https:\/\/www.baisogalosmd.radviliskis.lm.lt\/?page_id=639"},"modified":"2026-03-24T09:56:34","modified_gmt":"2026-03-24T07:56:34","slug":"finansai","status":"publish","type":"page","link":"https:\/\/www.baisogalosmd.radviliskis.lm.lt\/?page_id=639","title":{"rendered":"Finansai"},"content":{"rendered":"<h3><a href=\"https:\/\/www.baisogalosmd.radviliskis.lm.lt\/wp-content\/uploads\/2026\/03\/Metine-veiklos-ataskaita.pdf\" target=\"_blank\" rel=\"noopener\">Metin\u0117 veiklos ataskaita<\/a><\/h3>\n<h3><a href=\"https:\/\/www.baisogalosmd.radviliskis.lm.lt\/wp-content\/uploads\/2026\/03\/Metiniu-finansiniu-ataskaitu-rinkinys.pdf\" target=\"_blank\" rel=\"noopener\">Metini\u0173 finansini\u0173 ataskait\u0173 rinkinys<\/a><\/h3>\n<h3><a href=\"https:\/\/www.baisogalosmd.radviliskis.lm.lt\/wp-content\/uploads\/2026\/03\/Metiniu-biudzeto-vykdymo-ataskaitu-rinkinys.pdf\" target=\"_blank\" rel=\"noopener\">Metini\u0173 biud\u017eeto vykdymo ataskait\u0173 rinkinys<\/a><\/h3>\n<h3><a href=\"https:\/\/www.baisogalosmd.radviliskis.lm.lt\/wp-content\/uploads\/2026\/03\/5.-Aiskinamasis-rastas-2025-m.-gruodzio-31-d.-Baisogalos-m_d.doc\" target=\"_blank\" rel=\"noopener\">Finansini\u0173 ataskait\u0173 ai\u0161kinamasis ra\u0161tas 2025 m. gruod\u017eio m\u0117n. 31 d. duomenis.<\/a><\/h3>\n<h3><a href=\"https:\/\/www.baisogalosmd.radviliskis.lm.lt\/wp-content\/uploads\/2026\/03\/1.Finansines-bukles-ataskaita2025-12-31.xlsx\" target=\"_blank\" rel=\"noopener\">Finansin\u0117s b\u016bkl\u0117s ataskaita pagal 2025 m. gruod\u017eio m\u0117n. 31 d. duomenis.<\/a><\/h3>\n<h3><a href=\"https:\/\/www.baisogalosmd.radviliskis.lm.lt\/wp-content\/uploads\/2026\/03\/2.-Veiklos-rezultatu-ataskaita2025-12-31.xlsx\" target=\"_blank\" rel=\"noopener\">Veiklos rezultat\u0173 ataskaita pagal 2025 m. gruod\u017eio m\u0117n. 31 d. duomenis.<\/a><\/h3>\n<h3><a href=\"https:\/\/www.baisogalosmd.radviliskis.lm.lt\/wp-content\/uploads\/2026\/03\/Pinigu-srauto2025-12-31.xlsx\" target=\"_blank\" rel=\"noopener\">Pinig\u0173 sraut\u0173 ataskaita pagal 2025 m. gruod\u017eio m\u0117n. 31 d. duomenis.<\/a><\/h3>\n<h3><a href=\"https:\/\/www.baisogalosmd.radviliskis.lm.lt\/wp-content\/uploads\/2026\/03\/4.Grynojo-turto-pokyciu-ataskaita2025-12-31.xlsx\" target=\"_blank\" rel=\"noopener\">Grynojo turto poky\u010di\u0173 ataskaita pagal 2025 m. gruod\u017eio m\u0117n. 31 d. duomenis.<\/a><\/h3>\n<h3><a href=\"https:\/\/www.baisogalosmd.radviliskis.lm.lt\/wp-content\/uploads\/2026\/03\/1.-Finansines-bukles-ataskaita-2025-09-30.xlsx\" target=\"_blank\" rel=\"noopener\">Finansin\u0117s b\u016bkl\u0117s ataskaita pagal 2025 m. rugs\u0117jo m\u0117n. 31 d. duomenis.<\/a><\/h3>\n<h3><a href=\"https:\/\/www.baisogalosmd.radviliskis.lm.lt\/wp-content\/uploads\/2026\/03\/2.-Veiklos-rezultatu-ataskaita-2025-09-30.xlsx\" target=\"_blank\" rel=\"noopener\">Veiklos rezultat\u0173 ataskaita pagal 2025 m. rugs\u0117jo m\u0117n. 30 1. duomenis.<\/a><\/h3>\n<h3><a href=\"https:\/\/www.baisogalosmd.radviliskis.lm.lt\/wp-content\/uploads\/2026\/03\/Aiskinamasis-rastas-2025.09.30-Baisogalos-m_d.doc\" target=\"_blank\" rel=\"noopener\">Finansini\u0173 ataskait\u0173 ai\u0161kinamasis ra\u0161tas 2025 m. rugs\u0117jo m\u0117n. 31 d.<\/a><\/h3>\n<h3><a href=\"https:\/\/www.baisogalosmd.radviliskis.lm.lt\/wp-content\/uploads\/2025\/08\/1.-Finansines-bukles-ataskaita-2025-06-30.xlsx\" target=\"_blank\" rel=\"noopener\">Finansin\u0117s b\u016bkl\u0117s ataskaita pagal 2025 m. bir\u017eelio m\u0117n. 30 d. duomenis.<\/a><\/h3>\n<h3><a href=\"https:\/\/www.baisogalosmd.radviliskis.lm.lt\/wp-content\/uploads\/2025\/08\/2.-Veiklos-rezultatu-ataskaita-2025-06-30.xlsx\" target=\"_blank\" rel=\"noopener\">Veiklos rezultat\u0173 ataskaita pagal 2025 m. bir\u017eelio m\u0117n. 30 d. duomenis.<\/a><\/h3>\n<h3><a href=\"https:\/\/www.baisogalosmd.radviliskis.lm.lt\/wp-content\/uploads\/2025\/08\/Aiskinamasis-rastas-2025.06.30-Baisogalos-m_d.doc\" target=\"_blank\" rel=\"noopener\">Finansini\u0173 ataskait\u0173 ai\u0161kinamasis ra\u0161tas 2025 m. bir\u017eelio m\u0117n. 30 d.<\/a><\/h3>\n<h3><a href=\"https:\/\/www.baisogalosmd.radviliskis.lm.lt\/wp-content\/uploads\/2025\/06\/1.-Finansines-bukles-ataskaita-2025-03-31.xlsx\" target=\"_blank\" rel=\"noopener\">Finansin\u0117s b\u016bkl\u0117s ataskaita pagal 2025 m. kovo m\u0117n. 31 d. duomenis.<\/a><\/h3>\n<h3><a href=\"https:\/\/www.baisogalosmd.radviliskis.lm.lt\/wp-content\/uploads\/2025\/06\/2.-Veiklos-rezultatu-ataskaita-2025-03-31.xlsx\" target=\"_blank\" rel=\"noopener\">Veiklos rezultat\u0173 ataskaita pagal 2025 m. kovo m\u0117n. 31 d. duomenis.<\/a><\/h3>\n<h3><a href=\"https:\/\/www.baisogalosmd.radviliskis.lm.lt\/wp-content\/uploads\/2025\/06\/Aiskinamasis-rastas-2025.03.31-Baisogalos-m_d.doc\" target=\"_blank\" rel=\"noopener\">Finansini\u0173 ataskait\u0173 ai\u0161kinamasis ra\u0161tas 2025 m. kovo m\u0117n. 31 d.<\/a><\/h3>\n<h3><a href=\"https:\/\/www.baisogalosmd.radviliskis.lm.lt\/wp-content\/uploads\/2025\/05\/Baisogalos-mokykla-darzelis_Biudzeto-vykdymo-aiskinamasis-rastas-2025-m.-I-ketv.docx\" target=\"_blank\" rel=\"noopener\">2025 m. I kevir\u010dio biud\u017eeto vykdymo&nbsp; ataskait\u0173 rinkinio ai\u0161kinamasis ra\u0161tas 2025-04-22<\/a><\/h3>\n<h3><a href=\"https:\/\/www.baisogalosmd.radviliskis.lm.lt\/wp-content\/uploads\/2025\/04\/1.Finansines-bukles-ataskaita2024.xlsx\" target=\"_blank\" rel=\"noopener\">Finansin\u0117s b\u016bkl\u0117s ataskaita pagal 2024 m. gruod\u017eio m\u0117n. 31 d. duomenis.<\/a><\/h3>\n<h3><a href=\"https:\/\/www.baisogalosmd.radviliskis.lm.lt\/wp-content\/uploads\/2025\/04\/2.Veiklos-rezultatu-ataskaita2024.xlsx\" target=\"_blank\" rel=\"noopener\">Veiklos rezultat\u0173 ataskaita pagal 2024 m. gruod\u017eio m\u0117n. 31 d. duomenis.<\/a><\/h3>\n<h3><a href=\"https:\/\/www.baisogalosmd.radviliskis.lm.lt\/wp-content\/uploads\/2025\/04\/4.Pinigu-srautu-ataskaita2024.xlsx\" target=\"_blank\" rel=\"noopener\">Pinig\u0173 sraut\u0173 ataskaita pagal 2024 m. gruod\u017eio m\u0117n. 31 d. duomenis.<\/a><\/h3>\n<h3><a href=\"https:\/\/www.baisogalosmd.radviliskis.lm.lt\/wp-content\/uploads\/2025\/04\/3.Grynojo-turto-pokyciu-ataskaita2024.xlsx\" target=\"_blank\" rel=\"noopener\">Grynojo turto poky\u010di\u0173 ataskaita pagal 2024 m. gruod\u017eio m\u0117n. 31 d. duomenis.<\/a><\/h3>\n<h3><a href=\"https:\/\/www.baisogalosmd.radviliskis.lm.lt\/wp-content\/uploads\/2025\/04\/Aiskinamasis-rastas-2024-m.-gruodzio-31-d.-Baisogalos-m_d.doc\" target=\"_blank\" rel=\"noopener\">Finansini\u0173 ataskait\u0173 ai\u0161kinamasis ra\u0161tas 2024 m. gruod\u017eio m\u0117n. 31 d.<\/a><\/h3>\n<h3><a href=\"https:\/\/www.baisogalosmd.radviliskis.lm.lt\/wp-content\/uploads\/2025\/03\/Biudzeto-vykdymo-ataskaitu-aiskinamasis-rastas-Baisogalos-m_d_2024m.pdf\" target=\"_blank\" rel=\"noopener\">Biud\u017eeto vykdymo ataskait\u0173 ai\u0161kinamasis ra\u0161tas Baisogalos m_d_2024m<\/a><\/h3>\n<h3><a href=\"https:\/\/www.baisogalosmd.radviliskis.lm.lt\/wp-content\/uploads\/2024\/03\/1-Aiskinamasis-rastas-2023-m.-gruodzio-31-d.doc\" target=\"_blank\" rel=\"noopener\">Finansini\u0173 ataskait\u0173 ai\u0161kinamasis ra\u0161tas 2023 m. gruod\u017eio m\u0117n. 31 d. duomenis.<\/a><\/h3>\n<h3><a href=\"https:\/\/www.baisogalosmd.radviliskis.lm.lt\/wp-content\/uploads\/2024\/03\/2.-Finansines-bukles-ataskaita-2023.xls\" target=\"_blank\" rel=\"noopener\">Finansin\u0117s b\u016bkl\u0117s ataskaita pagal 2023 m. gruod\u017eio m\u0117n. 31 d. duomenis.<\/a><\/h3>\n<h3><a href=\"https:\/\/www.baisogalosmd.radviliskis.lm.lt\/wp-content\/uploads\/2024\/03\/3.-Veiklos-rezultatu-ataskaita-2023.xls\" target=\"_blank\" rel=\"noopener\">Veiklos rezultat\u0173 ataskaita pagal 2023 m. gruod\u017eio m\u0117n. 31 d. duomenis.<\/a><\/h3>\n<h3><a href=\"https:\/\/www.baisogalosmd.radviliskis.lm.lt\/wp-content\/uploads\/2024\/03\/6.-Pinigu-srautu-ataskaita-2023.xls\" target=\"_blank\" rel=\"noopener\">Pinig\u0173 sraut\u0173 ataskaita pagal 2023 m. gruod\u017eio m\u0117n. 31 d. duomenis.<\/a><\/h3>\n<h3><a href=\"https:\/\/www.baisogalosmd.radviliskis.lm.lt\/wp-content\/uploads\/2024\/03\/5.-Grynojo-turto-pokyciu-ataskaita-2023.xls\" target=\"_blank\" rel=\"noopener\">Grynojo turto poky\u010di\u0173 ataskaita pagal 2023 m. gruod\u017eio m\u0117n. 31 d. duomenis.<\/a><\/h3>\n<h3><a href=\"https:\/\/www.baisogalosmd.radviliskis.lm.lt\/wp-content\/uploads\/2023\/11\/Aiskinamasis-rastas-2023-09-30.doc\" target=\"_blank\" rel=\"noopener\">Finansini\u0173 ataskait\u0173 ai\u0161kinamasis ra\u0161tas 2023 m. rugs\u0117jo m\u0117n. 01 d.<\/a><\/h3>\n<h3><a href=\"https:\/\/www.baisogalosmd.radviliskis.lm.lt\/wp-content\/uploads\/2023\/11\/Finansines-bukles2023-09-30.xls\" target=\"_blank\" rel=\"noopener\">Finansin\u0117s b\u016bkl\u0117s ataskaita pagal 2023 m. rugs\u0117jo m\u0117n. 30 d. duomenis.<\/a><\/h3>\n<h3><a href=\"https:\/\/www.baisogalosmd.radviliskis.lm.lt\/wp-content\/uploads\/2023\/11\/Veiklos-rezultatu2023-09-30.xls\" target=\"_blank\" rel=\"noopener\">Veiklos rezultat\u0173 ataskaita pagal 2023 m. rugs\u0117jo m\u0117n. 30 d. duomenis.<\/a><\/h3>\n<h3><a href=\"https:\/\/www.baisogalosmd.radviliskis.lm.lt\/wp-content\/uploads\/2023\/09\/aiskinamasis-rastas2023_2ketv.pdf\" target=\"_blank\" rel=\"noopener\">Finansini\u0173 ataskait\u0173 ai\u0161kinamasis ra\u0161tas 2023m II ketvirtis<\/a><\/h3>\n<h3><a href=\"https:\/\/www.baisogalosmd.radviliskis.lm.lt\/wp-content\/uploads\/2023\/08\/Finansines-bukles2023_06.doc\" target=\"_blank\" rel=\"noopener\">Finansini\u0173 ataskait\u0173 ai\u0161kinamasis ra\u0161tas 2023 m.&nbsp;bir\u017eelio m\u0117n. 39 d.<\/a><\/h3>\n<h3><a href=\"https:\/\/www.baisogalosmd.radviliskis.lm.lt\/wp-content\/uploads\/2023\/08\/Finansines-bukles2023_06.xls\" target=\"_blank\" rel=\"noopener\">Finansin\u0117s b\u016bkl\u0117s ataskaita pagal 2023 m. bir\u017eelio m\u0117n. 39 d.duomenis.<\/a><\/h3>\n<h3><a href=\"https:\/\/www.baisogalosmd.radviliskis.lm.lt\/wp-content\/uploads\/2023\/08\/Veiklos-rezultatu2023_06.xls\" target=\"_blank\" rel=\"noopener\">Veiklos rezultat\u0173 ataskaita pagal 2023 m.&nbsp;bir\u017eelio m\u0117n. 39 d. duomenis.<\/a><\/h3>\n<h3><a href=\"https:\/\/www.baisogalosmd.radviliskis.lm.lt\/wp-content\/uploads\/2023\/05\/Aiskinamasis-rastas-2023-03-31.doc\" target=\"_blank\" rel=\"noopener\">Finansini\u0173 ataskait\u0173 ai\u0161kinamasis ra\u0161tas 2023 m. kovo m\u0117n. 31 d.<\/a><\/h3>\n<h3><a href=\"https:\/\/www.baisogalosmd.radviliskis.lm.lt\/wp-content\/uploads\/2023\/05\/Finansines-bukles-atask-2023-03-31.xls\" target=\"_blank\" rel=\"noopener\">Finansin\u0117s b\u016bkl\u0117s ataskaita pagal 2023 m. kovo m\u0117n. 31 d. duomenis.<\/a><\/h3>\n<h3><a href=\"https:\/\/www.baisogalosmd.radviliskis.lm.lt\/wp-content\/uploads\/2023\/05\/Veiklos-rezultatu-atask-2023-03-31.xls\" target=\"_blank\" rel=\"noopener\">Veiklos rezultat\u0173 ataskaita pagal 2023 m. kovo m\u0117n. 31 d. duomenis.<\/a><\/h3>\n<p>&nbsp;<\/p>\n","protected":false},"excerpt":{"rendered":"<p>Metin\u0117 veiklos ataskaita Metini\u0173 finansini\u0173 ataskait\u0173 rinkinys Metini\u0173 biud\u017eeto vykdymo ataskait\u0173 rinkinys Finansini\u0173 ataskait\u0173 ai\u0161kinamasis ra\u0161tas 2025 m. gruod\u017eio m\u0117n. 31 d. duomenis. Finansin\u0117s b\u016bkl\u0117s ataskaita pagal 2025 m. gruod\u017eio m\u0117n. 31 d. duomenis. Veiklos rezultat\u0173 ataskaita pagal 2025 m. gruod\u017eio m\u0117n. 31 d. duomenis. Pinig\u0173 sraut\u0173 ataskaita pagal 2025 m. gruod\u017eio m\u0117n. 31 d. [&hellip;]<\/p>\n","protected":false},"author":1,"featured_media":0,"parent":0,"menu_order":0,"comment_status":"open","ping_status":"open","template":"","meta":{"ngg_post_thumbnail":0,"footnotes":""},"class_list":["post-639","page","type-page","status-publish","hentry"],"_links":{"self":[{"href":"https:\/\/www.baisogalosmd.radviliskis.lm.lt\/index.php?rest_route=\/wp\/v2\/pages\/639","targetHints":{"allow":["GET"]}}],"collection":[{"href":"https:\/\/www.baisogalosmd.radviliskis.lm.lt\/index.php?rest_route=\/wp\/v2\/pages"}],"about":[{"href":"https:\/\/www.baisogalosmd.radviliskis.lm.lt\/index.php?rest_route=\/wp\/v2\/types\/page"}],"author":[{"embeddable":true,"href":"https:\/\/www.baisogalosmd.radviliskis.lm.lt\/index.php?rest_route=\/wp\/v2\/users\/1"}],"replies":[{"embeddable":true,"href":"https:\/\/www.baisogalosmd.radviliskis.lm.lt\/index.php?rest_route=%2Fwp%2Fv2%2Fcomments&post=639"}],"version-history":[{"count":216,"href":"https:\/\/www.baisogalosmd.radviliskis.lm.lt\/index.php?rest_route=\/wp\/v2\/pages\/639\/revisions"}],"predecessor-version":[{"id":13923,"href":"https:\/\/www.baisogalosmd.radviliskis.lm.lt\/index.php?rest_route=\/wp\/v2\/pages\/639\/revisions\/13923"}],"wp:attachment":[{"href":"https:\/\/www.baisogalosmd.radviliskis.lm.lt\/index.php?rest_route=%2Fwp%2Fv2%2Fmedia&parent=639"}],"curies":[{"name":"wp","href":"https:\/\/api.w.org\/{rel}","templated":true}]}}